the tens digit of (3/(-1))/(-2 + 580/296)?
7
Suppose 3*h + 17 = -1. What is the units digit of 2/h - 95/(-15)?
6
Let x(c) = 13*c**2 + c + 1. Let r be x(-1). Let p = 11 - 18. Let l = p + r. What is the units digit of l?
6
Suppose 0 = 2*l - r - 12, 3*r = 2*l + 5*r - 18. Let z = l - 0. What is the units digit of z?
7
Suppose -17*v + 10*v + 427 = 0. What is the tens digit of v?
6
Suppose 13 = w + 2*y - 0*y, 0 = -5*y + 25. Suppose 37 = 4*s - w*d, 1 + 23 = 2*s + 4*d. What is the units digit of (-1 + -5)*(-5)/s?
3
Let g be (-40)/(-15)*(-3)/(-2). Suppose z = 2*r - 4*r + 25, -g = 4*z. What is the units digit of r?
3
Let h be (-15)/(-4) - (-5)/20. Let n = -1 + h. Suppose -n*c = 2*c - 25. What is the units digit of c?
5
Suppose -2*t = t - 108. Let k = t + -26. Suppose 4*n = -5*i + k, 3*i - n = -i + 8. What is the units digit of i?
2
Suppose d + 1 = s + 4, -9 = -d - s. Suppose 6 = 3*l - d. Suppose 0*h = 5*v - 2*h - 83, -5*v = -l*h - 91. What is the tens digit of v?
1
Suppose -80 = -5*u + u - z, 0 = -3*u - z + 59. What is the tens digit of u?
2
What is the units digit of (-8)/24 - (-289)/3?
6
Suppose -5*f - d - 2*d + 68 = 0, -3*f + d = -52. What is the units digit of f?
6
Let l be (4 - (-2 + 3)) + -1. Suppose l*b = -b + 51. What is the units digit of b?
7
Let o = 140 + -60. What is the tens digit of o?
8
Let z = 17 + -9. What is the units digit of z?
8
Suppose 7*w - 12*w + 985 = 0. What is the hundreds digit of w?
1
Suppose 0 = -0*f - 3*f + r + 1, -4*f = -2*r + 2. Suppose f*v = v. What is the units digit of 2*((-21)/(-6) + v)?
7
Let j be (4/6)/(2/9). Suppose -k + 10 = j*k - l, k + l - 5 = 0. What is the units digit of k?
3
Let p be (-8)/28 - (-30)/7. What is the units digit of 17/p + (-7)/28?
4
Suppose -3*s = -4*p + 16, 0*s - 2*p + 8 = -3*s. Suppose -2*g + 14 = -s*g. What is the tens digit of 4/2*g/1?
1
Suppose 1347 = 5*a + 502. What is the tens digit of a?
6
Let o = -151 + 264. What is the units digit of o?
3
Suppose -d + 4*c = 20, 3*d - 5*d = -5*c + 25. What is the units digit of (-1 + d)/(4/(-20))?
5
Let q be (8/(-6))/(2/(-9)). Suppose 4*a = -3*u + 53, 3*a - 2*a - 9 = -5*u. Let f = q + a. What is the tens digit of f?
2
Let u = 199 + -102. What is the units digit of u?
7
Let z(f) = f**2 + 2*f + 2. What is the tens digit of z(-15)?
9
Suppose 2*d - 5*k - 39 = 0, 3*d + 38 = 7*d - 2*k. Let z(i) = -1 + i - 7*i**2 + i**3 + 0*i + 2. What is the units digit of z(d)?
8
Let p be 5/(5/(-4))*-2. Suppose 0 = 4*u - p - 12. Suppose -5*o - 5*a = -55, o - u*a + 4 = -a. What is the units digit of o?
8
Let k be 2/(-6) - (-32)/(-12). Let r = 8 + k. Let c = r + -3. What is the units digit of c?
2
Suppose 11*i = 9*i + 74. What is the tens digit of i?
3
Suppose s - 4 - 3 = -b, 0 = -5*s + 5*b + 75. Let q = s - 7. What is the units digit of q?
4
Let k be (0 - -4)*(-5)/4. Let b = k + 5. Suppose r + 0*r - 1 = b. What is the units digit of r?
1
Suppose -10 = f - 2*n, -f + 5*n + 2 = 7*n. Let r(a) = -a**3 - 3*a**2 + 2*a - 5. Let m be r(f). Suppose -v - m*v + 44 = 0. What is the units digit of v?
1
Let j be (4 - 1) + (-3)/3. Let u = 3 + j. Suppose 6*g - u*g + 5 = -2*w, w + 2 = -g. What is the units digit of g?
1
Suppose 5*x - 22 = 2*p, -4*p = -3*p + 1. Suppose -r + 3*n = -21, -15 = -x*n + n. What is the tens digit of r?
3
Suppose -5*p + 137 - 47 = 0. What is the tens digit of p?
1
Let o = -3 - -17. What is the tens digit of o?
1
Suppose -35 - 69 = -4*l. Let v = l - 13. What is the tens digit of v?
1
Let h be 8/3 + (-20)/30. Let n be h/(-2)*3 + 18. Suppose 0 = -2*q + n + 17. What is the tens digit of q?
1
Suppose 3*w + 0*b - 55 = 2*b, 80 = 5*w - b. What is the tens digit of w?
1
Suppose 2*s - 5 = 2*a + 9, 3*a = -9. Suppose 4*w - 12 = w + 5*b, s*w - 39 = -b. What is the units digit of w?
9
Let o = 8 - -11. Suppose o = 5*d - 46. What is the units digit of d?
3
Let j(h) = -10*h + 285. What is the hundreds digit of j(0)?
2
Let w(l) = -l**3 + 10*l**2 + 17*l + 2. What is the tens digit of w(6)?
4
Let f(y) be the third derivative of y**5/60 - 3*y**4/8 - y**3 - 3*y**2. Let r be f(10). What is the units digit of (-2 + r)*18/4?
9
Suppose v + 4 = 2*c + 10, -v - 10 = 2*c. What is the units digit of c/6 + (-256)/(-24)?
0
Suppose 4*h = -h + 20. What is the tens digit of 11/(2*h/24)?
3
Suppose 0 = 5*u - 19 - 6. Suppose -3*d + u*d - 2*p - 18 = 0, 0 = 5*d - p - 25. Suppose -2*b - 5*r = -4, -4*b - r + d = -22. What is the units digit of b?
7
Suppose 0 = -k - 2*k - 102. Let z = k - -57. What is the tens digit of z?
2
Let x(v) = -v + 9. Let z be x(6). Suppose -51 = -3*w - z*b, -4*w - 23 = -2*b - 61. What is the units digit of w?
2
Let z be 16/10 - (-4)/10. Suppose z*u = -2*u + 8. What is the units digit of u?
2
Let w be ((-76)/(-6))/(4/6). Let g = -13 + w. What is the units digit of g?
6
Suppose 5*x = -15, 3*x + 13 = m + 3*m. Suppose -3*h + m = -17. What is the units digit of h?
6
Let d(w) = 19*w**2 - w. Let c be d(2). Let i = c + -39. Suppose 0 = 4*a + a - i. What is the units digit of a?
7
Suppose 4*y = 3*y - 11. Let f(s) = s + 2. Let l(a) = -a. Let i(q) = f(q) + 2*l(q). What is the tens digit of i(y)?
1
Let m(v) = -3*v. Let o be 228/14 + (-6)/21. Suppose -3*i + 21 = -3*d, i = 5*i - o. What is the units digit of m(d)?
9
Let s(r) = -r**3 + 11*r**2 + 14*r - 10. Let j be s(12). Suppose -q = q - j. What is the units digit of q?
7
Let n = 4 + -6. Let u be 2 - (n/(-2) + -1). Suppose 2*y = -u*r - 1 + 15, 0 = -y + 2*r + 10. What is the units digit of y?
8
Let x(j) = -11*j + 14. Let w be x(-6). Suppose 0 = -3*h + h + 4*k + w, -4*k - 128 = -3*h. What is the tens digit of h?
4
Let d(x) = -x**3 + 5*x**2 + 2*x - 6. Let v be d(5). Suppose g = v*g - 54. What is the tens digit of g?
1
Let v(n) = n**2 + 3*n - 5. Let w be v(-8). Suppose 1 - w = -2*p. Suppose -4*j + p = 3*l, 5*j - 8*l + 3*l = 30. What is the units digit of j?
5
Let p = 199 + -100. What is the tens digit of p?
9
Suppose 5*z = -3*j + 462, j - 94 = 2*z - 3*z. What is the tens digit of z?
9
Suppose 0 = -2*x + 5 + 3. Let t be x*3*2/(-4). What is the tens digit of (t/(-15))/(1/30)?
1
What is the units digit of 5/(-4)*(-19 - -15)?
5
Suppose -26 = 5*g + 14. What is the tens digit of (-12)/g*(-20)/(-3)?
1
Suppose 29*y = 25*y + 124. What is the tens digit of y?
3
What is the units digit of 93/3 + (1 - -1)?
3
Let f(p) = p + 10. Let d be f(-12). What is the units digit of (2/(-4))/(1/d)?
1
Let x(b) = -b**3 - 6*b**2 + b + 8. Let p be x(-6). Suppose -6*o + p*o = 0, 0 = 4*z + 2*o - 40. What is the tens digit of z?
1
Suppose 3*k - 2*k = 12. What is the tens digit of k?
1
Let t = 10 - 10. Let g(z) = -z**3 - z**2 + z + 10. What is the units digit of g(t)?
0
Let w(k) = -42*k + 1. What is the tens digit of w(-5)?
1
Let h(j) = 7*j**3 - j**2 - j + 1. Let n be h(1). Suppose -8*y + 4 = -n*y. What is the units digit of y?
2
Suppose 0 = 2*l - l - 42. Suppose 5*a = -0*a + 75. Suppose 0*o = -o + m + a, l = 2*o - 5*m. What is the tens digit of o?
1
Suppose -7*g = -4*g - 12. Suppose -6 = g*z - 2, -2*w + 2*z = -54. What is the units digit of w?
6
Let t(y) = 2*y + 6. Suppose 5*b = -2*c + 1, -6 = -c - c - 4*b. What is the tens digit of t(c)?
3
Let b be ((-6)/5)/((-3)/70). Let f be 316/b - (-4)/(-14). Let t = f + -6. What is the units digit of t?
5
Let w(y) be the first derivative of y**2/2 + 6*y - 2. Suppose r - 17 = -0*r + 3*b, -4*r = -5*b - 47. What is the units digit of w(r)?
4
Let m = 14 - -2. Let r(b) = 2*b**2 - 4*b - 1. Let a be r(3). Let w = m - a. What is the tens digit of w?
1
Suppose -3*j + 6*j - 19 = -4*m, -2*j = -3*m - 7. What is the units digit of 3 + m + 3 - 0?
7
Suppose -3*s = 6 - 0, 3*s = -2*f + 10. Suppose -f = -h + 10. What is the tens digit of h?
1
What is the units digit of (-12 + -26)*(-2)/4?
9
Let i(b) = -b - 3. Let x = 5 - 9. What is the units digit of i(x)?
1
Suppose r = -r + 8. Suppose -y - r*y + 45 = 0. What is the units digit of y?
9
Let a(c) = 105*c**2 - 5*c - 4. Let b be a(-3). Let t be (-2)/7 + b/14. What is the units digit of t/6 - (-6)/9?
2
Let b = 1 - -22. Let s(z) = -z**3 - 4*z**2 - 5*z - 4. Let v be s(-3). Suppose 9 = -v*o + b. What is the units digit of o?
7
Let y = 15 - 12. What is the units digit of y?
3
Let v(m) = 2*m**3 - 2*m + 0*m**3 - 5*m**3 + 4*m**3 + 1 + 6*m**2. What is the units digit of v(-6)?
3
Suppose -3*x - 3*i + 495 = -24, -4*x = 2*i